{"id":4541,"date":"2018-07-11T14:41:00","date_gmt":"2018-07-11T14:41:00","guid":{"rendered":"http:\/\/radio.ufpa.br\/wp-content\/uploads\/2018\/03\/Funda\u00e7\u00e3o%20de%20Bel\u00e9m.jpg"},"modified":"2018-07-11T14:41:00","modified_gmt":"2018-07-11T14:41:00","slug":"fundacao-de-belem","status":"inherit","type":"attachment","link":"https:\/\/radio.ufpa.br\/fundacao-de-belem\/","title":{"rendered":"Funda\u00e7\u00e3o de Bel\u00e9m"},"author":9,"featured_media":0,"comment_status":"open","ping_status":"closed","template":"","meta":{"_acf_changed":false,"_exactmetrics_skip_tracking":false,"_exactmetrics_sitenote_active":false,"_exactmetrics_sitenote_note":"","_exactmetrics_sitenote_category":0,"_monsterinsights_skip_tracking":false,"_monsterinsights_sitenote_active":false,"_monsterinsights_sitenote_note":"","_monsterinsights_sitenote_category":0,"_uf_show_specific_survey":0,"_uf_disable_surveys":false,"jetpack_post_was_ever_published":false},"class_list":["post-4541","attachment","type-attachment","status-inherit","hentry"],"acf":[],"yoast_head":"<!-- This site is optimized with the Yoast SEO plugin v25.1 - https:\/\/yoast.com\/wordpress\/plugins\/seo\/ -->\n<title>Funda\u00e7\u00e3o de Bel\u00e9m - Radio Web UFPA<\/title>\n<meta name=\"robots\" content=\"index, follow, max-snippet:-1, max-image-preview:large, max-video-preview:-1\" \/>\n<link rel=\"canonical\" href=\"https:\/\/radio.ufpa.br\/wp-content\/uploads\/2018\/03\/Funda\u00e7\u00e3o%20de%20Bel\u00e9m.jpg\" \/>\n<meta property=\"og:locale\" content=\"pt_BR\" \/>\n<meta property=\"og:type\" content=\"article\" \/>\n<meta property=\"og:title\" content=\"Funda\u00e7\u00e3o de Bel\u00e9m - Radio Web UFPA\" \/>\n<meta property=\"og:url\" content=\"https:\/\/radio.ufpa.br\/wp-content\/uploads\/2018\/03\/Funda\u00e7\u00e3o de Bel\u00e9m.jpg\" \/>\n<meta property=\"og:site_name\" content=\"Radio Web UFPA\" \/>\n<meta property=\"article:publisher\" content=\"https:\/\/www.facebook.com\/radiowebufpa\" \/>\n<meta property=\"og:image\" content=\"https:\/\/i0.wp.com\/radio.ufpa.br\/wp-content\/uploads\/2018\/03\/Funda\u00e7\u00e3o%20de%20Bel\u00e9m.jpg?fit=862%2C360&ssl=1\" \/>\n\t<meta property=\"og:image:width\" content=\"862\" \/>\n\t<meta property=\"og:image:height\" content=\"360\" \/>\n\t<meta property=\"og:image:type\" content=\"image\/jpeg\" \/>\n<meta name=\"twitter:card\" content=\"summary_large_image\" \/>\n<meta name=\"twitter:site\" content=\"@radiowebufpa\" \/>\n<script type=\"application\/ld+json\" class=\"yoast-schema-graph\">{\"@context\":\"https:\/\/schema.org\",\"@graph\":[{\"@type\":\"WebPage\",\"@id\":\"https:\/\/radio.ufpa.br\/wp-content\/uploads\/2018\/03\/Funda\u00e7\u00e3o de Bel\u00e9m.jpg\",\"url\":\"https:\/\/radio.ufpa.br\/wp-content\/uploads\/2018\/03\/Funda\u00e7\u00e3o de Bel\u00e9m.jpg\",\"name\":\"Funda\u00e7\u00e3o de Bel\u00e9m - Radio Web UFPA\",\"isPartOf\":{\"@id\":\"https:\/\/radio.ufpa.br\/#website\"},\"datePublished\":\"2018-07-11T14:41:00+00:00\",\"breadcrumb\":{\"@id\":\"https:\/\/radio.ufpa.br\/wp-content\/uploads\/2018\/03\/Funda\u00e7\u00e3o de Bel\u00e9m.jpg#breadcrumb\"},\"inLanguage\":\"pt-BR\",\"potentialAction\":[{\"@type\":\"ReadAction\",\"target\":[\"https:\/\/radio.ufpa.br\/wp-content\/uploads\/2018\/03\/Funda\u00e7\u00e3o de Bel\u00e9m.jpg\"]}]},{\"@type\":\"BreadcrumbList\",\"@id\":\"https:\/\/radio.ufpa.br\/wp-content\/uploads\/2018\/03\/Funda\u00e7\u00e3o de Bel\u00e9m.jpg#breadcrumb\",\"itemListElement\":[{\"@type\":\"ListItem\",\"position\":1,\"name\":\"In\u00edcio\",\"item\":\"https:\/\/radio.ufpa.br\/\"},{\"@type\":\"ListItem\",\"position\":2,\"name\":\"Funda\u00e7\u00e3o de Bel\u00e9m\"}]},{\"@type\":\"WebSite\",\"@id\":\"https:\/\/radio.ufpa.br\/#website\",\"url\":\"https:\/\/radio.ufpa.br\/\",\"name\":\"Radio Web UFPA\",\"description\":\"Divulgando o conhecimento\",\"publisher\":{\"@id\":\"https:\/\/radio.ufpa.br\/#organization\"},\"potentialAction\":[{\"@type\":\"SearchAction\",\"target\":{\"@type\":\"EntryPoint\",\"urlTemplate\":\"https:\/\/radio.ufpa.br\/?s={search_term_string}\"},\"query-input\":{\"@type\":\"PropertyValueSpecification\",\"valueRequired\":true,\"valueName\":\"search_term_string\"}}],\"inLanguage\":\"pt-BR\"},{\"@type\":\"Organization\",\"@id\":\"https:\/\/radio.ufpa.br\/#organization\",\"name\":\"UNIVERSIDADE FEDERAL DO PAR\u00c1-R\u00c1DIO WEB UFPA\",\"url\":\"https:\/\/radio.ufpa.br\/\",\"logo\":{\"@type\":\"ImageObject\",\"inLanguage\":\"pt-BR\",\"@id\":\"https:\/\/radio.ufpa.br\/#\/schema\/logo\/image\/\",\"url\":\"https:\/\/i0.wp.com\/radio.ufpa.br\/wp-content\/uploads\/2025\/12\/images-removebg-preview.png?fit=417%2C121&ssl=1\",\"contentUrl\":\"https:\/\/i0.wp.com\/radio.ufpa.br\/wp-content\/uploads\/2025\/12\/images-removebg-preview.png?fit=417%2C121&ssl=1\",\"width\":417,\"height\":121,\"caption\":\"UNIVERSIDADE FEDERAL DO PAR\u00c1-R\u00c1DIO WEB UFPA\"},\"image\":{\"@id\":\"https:\/\/radio.ufpa.br\/#\/schema\/logo\/image\/\"},\"sameAs\":[\"https:\/\/www.facebook.com\/radiowebufpa\",\"https:\/\/x.com\/radiowebufpa\",\"https:\/\/www.instagram.com\/radiowebufpa\/\",\"https:\/\/www.youtube.com\/user\/RadioWebUFP4\"]}]}<\/script>\n<!-- \/ Yoast SEO plugin. -->","yoast_head_json":{"title":"Funda\u00e7\u00e3o de Bel\u00e9m - Radio Web UFPA","robots":{"index":"index","follow":"follow","max-snippet":"max-snippet:-1","max-image-preview":"max-image-preview:large","max-video-preview":"max-video-preview:-1"},"canonical":"https:\/\/radio.ufpa.br\/wp-content\/uploads\/2018\/03\/Funda\u00e7\u00e3o de Bel\u00e9m.jpg","og_locale":"pt_BR","og_type":"article","og_title":"Funda\u00e7\u00e3o de Bel\u00e9m - Radio Web UFPA","og_url":"https:\/\/radio.ufpa.br\/wp-content\/uploads\/2018\/03\/Funda\u00e7\u00e3o de Bel\u00e9m.jpg","og_site_name":"Radio Web UFPA","article_publisher":"https:\/\/www.facebook.com\/radiowebufpa","og_image":[{"width":862,"height":360,"url":"https:\/\/i0.wp.com\/radio.ufpa.br\/wp-content\/uploads\/2018\/03\/Funda\u00e7\u00e3o de Bel\u00e9m.jpg?fit=862%2C360&ssl=1","type":"image\/jpeg"}],"twitter_card":"summary_large_image","twitter_site":"@radiowebufpa","schema":{"@context":"https:\/\/schema.org","@graph":[{"@type":"WebPage","@id":"https:\/\/radio.ufpa.br\/wp-content\/uploads\/2018\/03\/Funda\u00e7\u00e3o de Bel\u00e9m.jpg","url":"https:\/\/radio.ufpa.br\/wp-content\/uploads\/2018\/03\/Funda\u00e7\u00e3o de Bel\u00e9m.jpg","name":"Funda\u00e7\u00e3o de Bel\u00e9m - Radio Web UFPA","isPartOf":{"@id":"https:\/\/radio.ufpa.br\/#website"},"datePublished":"2018-07-11T14:41:00+00:00","breadcrumb":{"@id":"https:\/\/radio.ufpa.br\/wp-content\/uploads\/2018\/03\/Funda\u00e7\u00e3o de Bel\u00e9m.jpg#breadcrumb"},"inLanguage":"pt-BR","potentialAction":[{"@type":"ReadAction","target":["https:\/\/radio.ufpa.br\/wp-content\/uploads\/2018\/03\/Funda\u00e7\u00e3o de Bel\u00e9m.jpg"]}]},{"@type":"BreadcrumbList","@id":"https:\/\/radio.ufpa.br\/wp-content\/uploads\/2018\/03\/Funda\u00e7\u00e3o de Bel\u00e9m.jpg#breadcrumb","itemListElement":[{"@type":"ListItem","position":1,"name":"In\u00edcio","item":"https:\/\/radio.ufpa.br\/"},{"@type":"ListItem","position":2,"name":"Funda\u00e7\u00e3o de Bel\u00e9m"}]},{"@type":"WebSite","@id":"https:\/\/radio.ufpa.br\/#website","url":"https:\/\/radio.ufpa.br\/","name":"Radio Web UFPA","description":"Divulgando o conhecimento","publisher":{"@id":"https:\/\/radio.ufpa.br\/#organization"},"potentialAction":[{"@type":"SearchAction","target":{"@type":"EntryPoint","urlTemplate":"https:\/\/radio.ufpa.br\/?s={search_term_string}"},"query-input":{"@type":"PropertyValueSpecification","valueRequired":true,"valueName":"search_term_string"}}],"inLanguage":"pt-BR"},{"@type":"Organization","@id":"https:\/\/radio.ufpa.br\/#organization","name":"UNIVERSIDADE FEDERAL DO PAR\u00c1-R\u00c1DIO WEB UFPA","url":"https:\/\/radio.ufpa.br\/","logo":{"@type":"ImageObject","inLanguage":"pt-BR","@id":"https:\/\/radio.ufpa.br\/#\/schema\/logo\/image\/","url":"https:\/\/i0.wp.com\/radio.ufpa.br\/wp-content\/uploads\/2025\/12\/images-removebg-preview.png?fit=417%2C121&ssl=1","contentUrl":"https:\/\/i0.wp.com\/radio.ufpa.br\/wp-content\/uploads\/2025\/12\/images-removebg-preview.png?fit=417%2C121&ssl=1","width":417,"height":121,"caption":"UNIVERSIDADE FEDERAL DO PAR\u00c1-R\u00c1DIO WEB UFPA"},"image":{"@id":"https:\/\/radio.ufpa.br\/#\/schema\/logo\/image\/"},"sameAs":["https:\/\/www.facebook.com\/radiowebufpa","https:\/\/x.com\/radiowebufpa","https:\/\/www.instagram.com\/radiowebufpa\/","https:\/\/www.youtube.com\/user\/RadioWebUFP4"]}]}},"jetpack_shortlink":"https:\/\/wp.me\/a8TJeA-1bf","jetpack_likes_enabled":true,"jetpack_sharing_enabled":true,"description":{"rendered":"<p class=\"attachment\"><a href=\"https:\/\/i0.wp.com\/radio.ufpa.br\/wp-content\/uploads\/2018\/03\/Funda%C3%A7%C3%A3o%20de%20Bel%C3%A9m.jpg?ssl=1\"><img loading=\"lazy\" decoding=\"async\" width=\"300\" height=\"125\" src=\"https:\/\/i0.wp.com\/radio.ufpa.br\/wp-content\/uploads\/2018\/03\/Funda%C3%A7%C3%A3o%20de%20Bel%C3%A9m.jpg?fit=300%2C125&amp;ssl=1\" class=\"attachment-medium size-medium\" alt=\"\" data-attachment-id=\"4541\" data-permalink=\"https:\/\/radio.ufpa.br\/fundacao-de-belem\/\" data-orig-file=\"https:\/\/i0.wp.com\/radio.ufpa.br\/wp-content\/uploads\/2018\/03\/Funda%C3%A7%C3%A3o%20de%20Bel%C3%A9m.jpg?fit=862%2C360&amp;ssl=1\" data-orig-size=\"862,360\" data-comments-opened=\"1\" data-image-meta=\"{&quot;aperture&quot;:&quot;0&quot;,&quot;credit&quot;:&quot;&quot;,&quot;camera&quot;:&quot;&quot;,&quot;caption&quot;:&quot;&quot;,&quot;created_timestamp&quot;:&quot;0&quot;,&quot;copyright&quot;:&quot;&quot;,&quot;focal_length&quot;:&quot;0&quot;,&quot;iso&quot;:&quot;0&quot;,&quot;shutter_speed&quot;:&quot;0&quot;,&quot;title&quot;:&quot;&quot;,&quot;orientation&quot;:&quot;0&quot;}\" data-image-title=\"Funda\u00e7\u00e3o de Bel\u00e9m\" data-image-description=\"\" data-image-caption=\"\" data-medium-file=\"https:\/\/i0.wp.com\/radio.ufpa.br\/wp-content\/uploads\/2018\/03\/Funda%C3%A7%C3%A3o%20de%20Bel%C3%A9m.jpg?fit=300%2C125&amp;ssl=1\" data-large-file=\"https:\/\/i0.wp.com\/radio.ufpa.br\/wp-content\/uploads\/2018\/03\/Funda%C3%A7%C3%A3o%20de%20Bel%C3%A9m.jpg?fit=862%2C360&amp;ssl=1\" \/><\/a><\/p>\n"},"caption":{"rendered":""},"alt_text":"","media_type":"image","mime_type":"image\/jpeg","media_details":{"width":862,"height":360,"file":"2018\/03\/Funda\u00e7\u00e3o de Bel\u00e9m.jpg","image_meta":{"aperture":"0","credit":"","camera":"","caption":"","created_timestamp":"0","copyright":"","focal_length":"0","iso":"0","shutter_speed":"0","title":"","orientation":"0","keywords":[]},"sizes":{"medium":{"file":"Funda\u00e7\u00e3o de Bel\u00e9m-300x125.jpg","width":300,"height":125,"width_query":"300","height_query":"300","mime_type":"image\/jpeg","source_url":"https:\/\/i0.wp.com\/radio.ufpa.br\/wp-content\/uploads\/2018\/03\/Funda%C3%A7%C3%A3o%20de%20Bel%C3%A9m.jpg?fit=300%2C125&ssl=1"},"full":{"file":"Funda%C3%A7%C3%A3o%20de%20Bel%C3%A9m.jpg?fit=862%2C360&ssl=1","width":862,"height":360,"mime_type":"image\/jpeg","source_url":"https:\/\/i0.wp.com\/radio.ufpa.br\/wp-content\/uploads\/2018\/03\/Funda%C3%A7%C3%A3o%20de%20Bel%C3%A9m.jpg?fit=862%2C360&ssl=1"}}},"post":null,"source_url":"https:\/\/radio.ufpa.br\/wp-content\/uploads\/2018\/03\/Funda\u00e7\u00e3o de Bel\u00e9m.jpg","_links":{"self":[{"href":"https:\/\/radio.ufpa.br\/index.php\/wp-json\/wp\/v2\/media\/4541","targetHints":{"allow":["GET"]}}],"collection":[{"href":"https:\/\/radio.ufpa.br\/index.php\/wp-json\/wp\/v2\/media"}],"about":[{"href":"https:\/\/radio.ufpa.br\/index.php\/wp-json\/wp\/v2\/types\/attachment"}],"author":[{"embeddable":true,"href":"https:\/\/radio.ufpa.br\/index.php\/wp-json\/wp\/v2\/users\/9"}],"replies":[{"embeddable":true,"href":"https:\/\/radio.ufpa.br\/index.php\/wp-json\/wp\/v2\/comments?post=4541"}]}}

http://radio.ufpa.br/wp-content/uploads/2018/03/Fundação%20de%20Belém.jpg

Fundação de Belém

<!-- This site is optimized with the Yoast SEO plugin v25.1 - https://yoast.com/wordpress/plugins/seo/ -->
<title>Fundação de Belém - Radio Web UFPA</title>
<meta name="robots" content="index, follow, max-snippet:-1, max-image-preview:large, max-video-preview:-1" />
<link rel="canonical" href="https://radio.ufpa.br/wp-content/uploads/2018/03/Fundação%20de%20Belém.jpg" />
<meta property="og:locale" content="pt_BR" />
<meta property="og:type" content="article" />
<meta property="og:title" content="Fundação de Belém - Radio Web UFPA" />
<meta property="og:url" content="https://radio.ufpa.br/wp-content/uploads/2018/03/Fundação de Belém.jpg" />
<meta property="og:site_name" content="Radio Web UFPA" />
<meta property="article:publisher" content="https://www.facebook.com/radiowebufpa" />
<meta property="og:image" content="https://i0.wp.com/radio.ufpa.br/wp-content/uploads/2018/03/Fundação%20de%20Belém.jpg?fit=862%2C360&ssl=1" />
	<meta property="og:image:width" content="862" />
	<meta property="og:image:height" content="360" />
	<meta property="og:image:type" content="image/jpeg" />
<meta name="twitter:card" content="summary_large_image" />
<meta name="twitter:site" content="@radiowebufpa" />
<script type="application/ld+json" class="yoast-schema-graph">{"@context":"https://schema.org","@graph":[{"@type":"WebPage","@id":"https://radio.ufpa.br/wp-content/uploads/2018/03/Fundação de Belém.jpg","url":"https://radio.ufpa.br/wp-content/uploads/2018/03/Fundação de Belém.jpg","name":"Fundação de Belém - Radio Web UFPA","isPartOf":{"@id":"https://radio.ufpa.br/#website"},"datePublished":"2018-07-11T14:41:00+00:00","breadcrumb":{"@id":"https://radio.ufpa.br/wp-content/uploads/2018/03/Fundação de Belém.jpg#breadcrumb"},"inLanguage":"pt-BR","potentialAction":[{"@type":"ReadAction","target":["https://radio.ufpa.br/wp-content/uploads/2018/03/Fundação de Belém.jpg"]}]},{"@type":"BreadcrumbList","@id":"https://radio.ufpa.br/wp-content/uploads/2018/03/Fundação de Belém.jpg#breadcrumb","itemListElement":[{"@type":"ListItem","position":1,"name":"Início","item":"https://radio.ufpa.br/"},{"@type":"ListItem","position":2,"name":"Fundação de Belém"}]},{"@type":"WebSite","@id":"https://radio.ufpa.br/#website","url":"https://radio.ufpa.br/","name":"Radio Web UFPA","description":"Divulgando o conhecimento","publisher":{"@id":"https://radio.ufpa.br/#organization"},"potentialAction":[{"@type":"SearchAction","target":{"@type":"EntryPoint","urlTemplate":"https://radio.ufpa.br/?s={search_term_string}"},"query-input":{"@type":"PropertyValueSpecification","valueRequired":true,"valueName":"search_term_string"}}],"inLanguage":"pt-BR"},{"@type":"Organization","@id":"https://radio.ufpa.br/#organization","name":"UNIVERSIDADE FEDERAL DO PARÁ-RÁDIO WEB UFPA","url":"https://radio.ufpa.br/","logo":{"@type":"ImageObject","inLanguage":"pt-BR","@id":"https://radio.ufpa.br/#/schema/logo/image/","url":"https://i0.wp.com/radio.ufpa.br/wp-content/uploads/2025/12/images-removebg-preview.png?fit=417%2C121&ssl=1","contentUrl":"https://i0.wp.com/radio.ufpa.br/wp-content/uploads/2025/12/images-removebg-preview.png?fit=417%2C121&ssl=1","width":417,"height":121,"caption":"UNIVERSIDADE FEDERAL DO PARÁ-RÁDIO WEB UFPA"},"image":{"@id":"https://radio.ufpa.br/#/schema/logo/image/"},"sameAs":["https://www.facebook.com/radiowebufpa","https://x.com/radiowebufpa","https://www.instagram.com/radiowebufpa/","https://www.youtube.com/user/RadioWebUFP4"]}]}</script>
<!-- / Yoast SEO plugin. -->

Fundação de Belém - Radio Web UFPA

https://radio.ufpa.br/wp-content/uploads/2018/03/Fundação de Belém.jpg

https://i0.wp.com/radio.ufpa.br/wp-content/uploads/2018/03/Fundação de Belém.jpg?fit=862%2C360&ssl=1

https://radio.ufpa.br/wp-content/uploads/2018/03/Fundação de Belém.jpg#breadcrumb

Início

UNIVERSIDADE FEDERAL DO PARÁ-RÁDIO WEB UFPA

<p class="attachment"><a href="https://i0.wp.com/radio.ufpa.br/wp-content/uploads/2018/03/Funda%C3%A7%C3%A3o%20de%20Bel%C3%A9m.jpg?ssl=1"><img loading="lazy" decoding="async" width="300" height="125" src="https://i0.wp.com/radio.ufpa.br/wp-content/uploads/2018/03/Funda%C3%A7%C3%A3o%20de%20Bel%C3%A9m.jpg?fit=300%2C125&amp;ssl=1" class="attachment-medium size-medium" alt="" data-attachment-id="4541" data-permalink="https://radio.ufpa.br/fundacao-de-belem/" data-orig-file="https://i0.wp.com/radio.ufpa.br/wp-content/uploads/2018/03/Funda%C3%A7%C3%A3o%20de%20Bel%C3%A9m.jpg?fit=862%2C360&amp;ssl=1" data-orig-size="862,360" data-comments-opened="1" data-image-meta="{&quot;aperture&quot;:&quot;0&quot;,&quot;credit&quot;:&quot;&quot;,&quot;camera&quot;:&quot;&quot;,&quot;caption&quot;:&quot;&quot;,&quot;created_timestamp&quot;:&quot;0&quot;,&quot;copyright&quot;:&quot;&quot;,&quot;focal_length&quot;:&quot;0&quot;,&quot;iso&quot;:&quot;0&quot;,&quot;shutter_speed&quot;:&quot;0&quot;,&quot;title&quot;:&quot;&quot;,&quot;orientation&quot;:&quot;0&quot;}" data-image-title="Fundação de Belém" data-image-description="" data-image-caption="" data-medium-file="https://i0.wp.com/radio.ufpa.br/wp-content/uploads/2018/03/Funda%C3%A7%C3%A3o%20de%20Bel%C3%A9m.jpg?fit=300%2C125&amp;ssl=1" data-large-file="https://i0.wp.com/radio.ufpa.br/wp-content/uploads/2018/03/Funda%C3%A7%C3%A3o%20de%20Bel%C3%A9m.jpg?fit=862%2C360&amp;ssl=1" /></a></p>

2018/03/Fundação de Belém.jpg

Fundação de Belém-300x125.jpg
