{"id":13,"date":"2017-06-16T17:22:28","date_gmt":"2017-06-16T20:22:28","guid":{"rendered":"http:\/\/localhost\/?page_id=13"},"modified":"2019-04-12T16:29:06","modified_gmt":"2019-04-12T19:29:06","slug":"inicio","status":"publish","type":"page","link":"https:\/\/radio.ufpa.br\/","title":{"rendered":"In\u00edcio"},"content":{"rendered":"<p>[pt_view id=&#8221;fed9c80guo&#8221;]<\/p>\n","protected":false},"excerpt":{"rendered":"<p> &#8230; <a title=\"In\u00edcio\" class=\"read-more\" href=\"https:\/\/radio.ufpa.br\/\" aria-label=\"Read more about In\u00edcio\">Ler mais<\/a><\/p>\n","protected":false},"author":2,"featured_media":0,"parent":0,"menu_order":0,"comment_status":"closed","ping_status":"closed","template":"","meta":{"_acf_changed":false,"_exactmetrics_skip_tracking":false,"_exactmetrics_sitenote_active":false,"_exactmetrics_sitenote_note":"","_exactmetrics_sitenote_category":0,"_monsterinsights_skip_tracking":false,"_monsterinsights_sitenote_active":false,"_monsterinsights_sitenote_note":"","_monsterinsights_sitenote_category":0,"_uf_show_specific_survey":0,"_uf_disable_surveys":false,"jetpack_post_was_ever_published":false,"footnotes":""},"class_list":["post-13","page","type-page","status-publish"],"acf":[],"yoast_head":"<!-- This site is optimized with the Yoast SEO plugin v25.1 - https:\/\/yoast.com\/wordpress\/plugins\/seo\/ -->\n<title>R\u00e1dio Web UFPA<\/title>\n<meta name=\"description\" content=\"O projeto R\u00e1dio Web UFPA visa proporcionar um novo canal de divulga\u00e7\u00e3o das atividades cient\u00edficas e acad\u00eamicas desenvolvidas pela UFPA\" \/>\n<meta name=\"robots\" content=\"index, follow, max-snippet:-1, max-image-preview:large, max-video-preview:-1\" \/>\n<link rel=\"canonical\" href=\"https:\/\/radio.ufpa.br\/\" \/>\n<meta property=\"og:locale\" content=\"pt_BR\" \/>\n<meta property=\"og:type\" content=\"article\" \/>\n<meta property=\"og:title\" content=\"R\u00e1dio Web UFPA\" \/>\n<meta property=\"og:description\" content=\"O projeto R\u00e1dio Web UFPA visa proporcionar um novo canal de divulga\u00e7\u00e3o das atividades cient\u00edficas e acad\u00eamicas desenvolvidas pela UFPA\" \/>\n<meta property=\"og:url\" content=\"https:\/\/radio.ufpa.br\/\" \/>\n<meta property=\"og:site_name\" content=\"Radio Web UFPA\" \/>\n<meta property=\"article:publisher\" content=\"https:\/\/www.facebook.com\/radiowebufpa\" \/>\n<meta property=\"article:modified_time\" content=\"2019-04-12T19:29:06+00:00\" \/>\n<meta property=\"og:image\" content=\"http:\/\/radio.ufpa.br\/wp-content\/uploads\/2020\/04\/radiowebufpa.jpg\" \/>\n<meta name=\"twitter:card\" content=\"summary_large_image\" \/>\n<meta name=\"twitter:site\" content=\"@radiowebufpa\" \/>\n<script type=\"application\/ld+json\" class=\"yoast-schema-graph\">{\"@context\":\"https:\/\/schema.org\",\"@graph\":[{\"@type\":\"WebPage\",\"@id\":\"https:\/\/radio.ufpa.br\/\",\"url\":\"https:\/\/radio.ufpa.br\/\",\"name\":\"R\u00e1dio Web UFPA\",\"isPartOf\":{\"@id\":\"https:\/\/radio.ufpa.br\/#website\"},\"datePublished\":\"2017-06-16T20:22:28+00:00\",\"dateModified\":\"2019-04-12T19:29:06+00:00\",\"description\":\"O projeto R\u00e1dio Web UFPA visa proporcionar um novo canal de divulga\u00e7\u00e3o das atividades cient\u00edficas e acad\u00eamicas desenvolvidas pela UFPA\",\"breadcrumb\":{\"@id\":\"https:\/\/radio.ufpa.br\/#breadcrumb\"},\"inLanguage\":\"pt-BR\",\"potentialAction\":[{\"@type\":\"ReadAction\",\"target\":[\"https:\/\/radio.ufpa.br\/\"]}]},{\"@type\":\"BreadcrumbList\",\"@id\":\"https:\/\/radio.ufpa.br\/#breadcrumb\",\"itemListElement\":[{\"@type\":\"ListItem\",\"position\":1,\"name\":\"In\u00edcio\",\"item\":\"https:\/\/radio.ufpa.br\/\"},{\"@type\":\"ListItem\",\"position\":2,\"name\":\"In\u00edcio\"}]},{\"@type\":\"WebSite\",\"@id\":\"https:\/\/radio.ufpa.br\/#website\",\"url\":\"https:\/\/radio.ufpa.br\/\",\"name\":\"Radio Web UFPA\",\"description\":\"Divulgando o conhecimento\",\"publisher\":{\"@id\":\"https:\/\/radio.ufpa.br\/#organization\"},\"potentialAction\":[{\"@type\":\"SearchAction\",\"target\":{\"@type\":\"EntryPoint\",\"urlTemplate\":\"https:\/\/radio.ufpa.br\/?s={search_term_string}\"},\"query-input\":{\"@type\":\"PropertyValueSpecification\",\"valueRequired\":true,\"valueName\":\"search_term_string\"}}],\"inLanguage\":\"pt-BR\"},{\"@type\":\"Organization\",\"@id\":\"https:\/\/radio.ufpa.br\/#organization\",\"name\":\"UNIVERSIDADE FEDERAL DO PAR\u00c1-R\u00c1DIO WEB UFPA\",\"url\":\"https:\/\/radio.ufpa.br\/\",\"logo\":{\"@type\":\"ImageObject\",\"inLanguage\":\"pt-BR\",\"@id\":\"https:\/\/radio.ufpa.br\/#\/schema\/logo\/image\/\",\"url\":\"https:\/\/i0.wp.com\/radio.ufpa.br\/wp-content\/uploads\/2025\/12\/images-removebg-preview.png?fit=417%2C121&ssl=1\",\"contentUrl\":\"https:\/\/i0.wp.com\/radio.ufpa.br\/wp-content\/uploads\/2025\/12\/images-removebg-preview.png?fit=417%2C121&ssl=1\",\"width\":417,\"height\":121,\"caption\":\"UNIVERSIDADE FEDERAL DO PAR\u00c1-R\u00c1DIO WEB UFPA\"},\"image\":{\"@id\":\"https:\/\/radio.ufpa.br\/#\/schema\/logo\/image\/\"},\"sameAs\":[\"https:\/\/www.facebook.com\/radiowebufpa\",\"https:\/\/x.com\/radiowebufpa\",\"https:\/\/www.instagram.com\/radiowebufpa\/\",\"https:\/\/www.youtube.com\/user\/RadioWebUFP4\"]}]}<\/script>\n<!-- \/ Yoast SEO plugin. -->","yoast_head_json":{"title":"R\u00e1dio Web UFPA","description":"O projeto R\u00e1dio Web UFPA visa proporcionar um novo canal de divulga\u00e7\u00e3o das atividades cient\u00edficas e acad\u00eamicas desenvolvidas pela UFPA","robots":{"index":"index","follow":"follow","max-snippet":"max-snippet:-1","max-image-preview":"max-image-preview:large","max-video-preview":"max-video-preview:-1"},"canonical":"https:\/\/radio.ufpa.br\/","og_locale":"pt_BR","og_type":"article","og_title":"R\u00e1dio Web UFPA","og_description":"O projeto R\u00e1dio Web UFPA visa proporcionar um novo canal de divulga\u00e7\u00e3o das atividades cient\u00edficas e acad\u00eamicas desenvolvidas pela UFPA","og_url":"https:\/\/radio.ufpa.br\/","og_site_name":"Radio Web UFPA","article_publisher":"https:\/\/www.facebook.com\/radiowebufpa","article_modified_time":"2019-04-12T19:29:06+00:00","og_image":[{"url":"http:\/\/radio.ufpa.br\/wp-content\/uploads\/2020\/04\/radiowebufpa.jpg","type":"","width":"","height":""}],"twitter_card":"summary_large_image","twitter_site":"@radiowebufpa","schema":{"@context":"https:\/\/schema.org","@graph":[{"@type":"WebPage","@id":"https:\/\/radio.ufpa.br\/","url":"https:\/\/radio.ufpa.br\/","name":"R\u00e1dio Web UFPA","isPartOf":{"@id":"https:\/\/radio.ufpa.br\/#website"},"datePublished":"2017-06-16T20:22:28+00:00","dateModified":"2019-04-12T19:29:06+00:00","description":"O projeto R\u00e1dio Web UFPA visa proporcionar um novo canal de divulga\u00e7\u00e3o das atividades cient\u00edficas e acad\u00eamicas desenvolvidas pela UFPA","breadcrumb":{"@id":"https:\/\/radio.ufpa.br\/#breadcrumb"},"inLanguage":"pt-BR","potentialAction":[{"@type":"ReadAction","target":["https:\/\/radio.ufpa.br\/"]}]},{"@type":"BreadcrumbList","@id":"https:\/\/radio.ufpa.br\/#breadcrumb","itemListElement":[{"@type":"ListItem","position":1,"name":"In\u00edcio","item":"https:\/\/radio.ufpa.br\/"},{"@type":"ListItem","position":2,"name":"In\u00edcio"}]},{"@type":"WebSite","@id":"https:\/\/radio.ufpa.br\/#website","url":"https:\/\/radio.ufpa.br\/","name":"Radio Web UFPA","description":"Divulgando o conhecimento","publisher":{"@id":"https:\/\/radio.ufpa.br\/#organization"},"potentialAction":[{"@type":"SearchAction","target":{"@type":"EntryPoint","urlTemplate":"https:\/\/radio.ufpa.br\/?s={search_term_string}"},"query-input":{"@type":"PropertyValueSpecification","valueRequired":true,"valueName":"search_term_string"}}],"inLanguage":"pt-BR"},{"@type":"Organization","@id":"https:\/\/radio.ufpa.br\/#organization","name":"UNIVERSIDADE FEDERAL DO PAR\u00c1-R\u00c1DIO WEB UFPA","url":"https:\/\/radio.ufpa.br\/","logo":{"@type":"ImageObject","inLanguage":"pt-BR","@id":"https:\/\/radio.ufpa.br\/#\/schema\/logo\/image\/","url":"https:\/\/i0.wp.com\/radio.ufpa.br\/wp-content\/uploads\/2025\/12\/images-removebg-preview.png?fit=417%2C121&ssl=1","contentUrl":"https:\/\/i0.wp.com\/radio.ufpa.br\/wp-content\/uploads\/2025\/12\/images-removebg-preview.png?fit=417%2C121&ssl=1","width":417,"height":121,"caption":"UNIVERSIDADE FEDERAL DO PAR\u00c1-R\u00c1DIO WEB UFPA"},"image":{"@id":"https:\/\/radio.ufpa.br\/#\/schema\/logo\/image\/"},"sameAs":["https:\/\/www.facebook.com\/radiowebufpa","https:\/\/x.com\/radiowebufpa","https:\/\/www.instagram.com\/radiowebufpa\/","https:\/\/www.youtube.com\/user\/RadioWebUFP4"]}]}},"jetpack_shortlink":"https:\/\/wp.me\/P8TJeA-d","jetpack_likes_enabled":true,"jetpack-related-posts":[],"jetpack_sharing_enabled":true,"_links":{"self":[{"href":"https:\/\/radio.ufpa.br\/index.php\/wp-json\/wp\/v2\/pages\/13","targetHints":{"allow":["GET"]}}],"collection":[{"href":"https:\/\/radio.ufpa.br\/index.php\/wp-json\/wp\/v2\/pages"}],"about":[{"href":"https:\/\/radio.ufpa.br\/index.php\/wp-json\/wp\/v2\/types\/page"}],"author":[{"embeddable":true,"href":"https:\/\/radio.ufpa.br\/index.php\/wp-json\/wp\/v2\/users\/2"}],"replies":[{"embeddable":true,"href":"https:\/\/radio.ufpa.br\/index.php\/wp-json\/wp\/v2\/comments?post=13"}],"version-history":[{"count":14,"href":"https:\/\/radio.ufpa.br\/index.php\/wp-json\/wp\/v2\/pages\/13\/revisions"}],"predecessor-version":[{"id":9069,"href":"https:\/\/radio.ufpa.br\/index.php\/wp-json\/wp\/v2\/pages\/13\/revisions\/9069"}],"wp:attachment":[{"href":"https:\/\/radio.ufpa.br\/index.php\/wp-json\/wp\/v2\/media?parent=13"}],"curies":[{"name":"wp","href":"https:\/\/api.w.org\/{rel}","templated":true}]}}

Início

<p> &#8230; <a title="Início" class="read-more" href="https://radio.ufpa.br/" aria-label="Read more about Início">Ler mais</a></p>

<!-- This site is optimized with the Yoast SEO plugin v25.1 - https://yoast.com/wordpress/plugins/seo/ -->
<title>Rádio Web UFPA</title>
<meta name="description" content="O projeto Rádio Web UFPA visa proporcionar um novo canal de divulgação das atividades científicas e acadêmicas desenvolvidas pela UFPA" />
<meta name="robots" content="index, follow, max-snippet:-1, max-image-preview:large, max-video-preview:-1" />
<link rel="canonical" href="https://radio.ufpa.br/" />
<meta property="og:locale" content="pt_BR" />
<meta property="og:type" content="article" />
<meta property="og:title" content="Rádio Web UFPA" />
<meta property="og:description" content="O projeto Rádio Web UFPA visa proporcionar um novo canal de divulgação das atividades científicas e acadêmicas desenvolvidas pela UFPA" />
<meta property="og:url" content="https://radio.ufpa.br/" />
<meta property="og:site_name" content="Radio Web UFPA" />
<meta property="article:publisher" content="https://www.facebook.com/radiowebufpa" />
<meta property="article:modified_time" content="2019-04-12T19:29:06+00:00" />
<meta property="og:image" content="http://radio.ufpa.br/wp-content/uploads/2020/04/radiowebufpa.jpg" />
<meta name="twitter:card" content="summary_large_image" />
<meta name="twitter:site" content="@radiowebufpa" />
<script type="application/ld+json" class="yoast-schema-graph">{"@context":"https://schema.org","@graph":[{"@type":"WebPage","@id":"https://radio.ufpa.br/","url":"https://radio.ufpa.br/","name":"Rádio Web UFPA","isPartOf":{"@id":"https://radio.ufpa.br/#website"},"datePublished":"2017-06-16T20:22:28+00:00","dateModified":"2019-04-12T19:29:06+00:00","description":"O projeto Rádio Web UFPA visa proporcionar um novo canal de divulgação das atividades científicas e acadêmicas desenvolvidas pela UFPA","breadcrumb":{"@id":"https://radio.ufpa.br/#breadcrumb"},"inLanguage":"pt-BR","potentialAction":[{"@type":"ReadAction","target":["https://radio.ufpa.br/"]}]},{"@type":"BreadcrumbList","@id":"https://radio.ufpa.br/#breadcrumb","itemListElement":[{"@type":"ListItem","position":1,"name":"Início","item":"https://radio.ufpa.br/"},{"@type":"ListItem","position":2,"name":"Início"}]},{"@type":"WebSite","@id":"https://radio.ufpa.br/#website","url":"https://radio.ufpa.br/","name":"Radio Web UFPA","description":"Divulgando o conhecimento","publisher":{"@id":"https://radio.ufpa.br/#organization"},"potentialAction":[{"@type":"SearchAction","target":{"@type":"EntryPoint","urlTemplate":"https://radio.ufpa.br/?s={search_term_string}"},"query-input":{"@type":"PropertyValueSpecification","valueRequired":true,"valueName":"search_term_string"}}],"inLanguage":"pt-BR"},{"@type":"Organization","@id":"https://radio.ufpa.br/#organization","name":"UNIVERSIDADE FEDERAL DO PARÁ-RÁDIO WEB UFPA","url":"https://radio.ufpa.br/","logo":{"@type":"ImageObject","inLanguage":"pt-BR","@id":"https://radio.ufpa.br/#/schema/logo/image/","url":"https://i0.wp.com/radio.ufpa.br/wp-content/uploads/2025/12/images-removebg-preview.png?fit=417%2C121&ssl=1","contentUrl":"https://i0.wp.com/radio.ufpa.br/wp-content/uploads/2025/12/images-removebg-preview.png?fit=417%2C121&ssl=1","width":417,"height":121,"caption":"UNIVERSIDADE FEDERAL DO PARÁ-RÁDIO WEB UFPA"},"image":{"@id":"https://radio.ufpa.br/#/schema/logo/image/"},"sameAs":["https://www.facebook.com/radiowebufpa","https://x.com/radiowebufpa","https://www.instagram.com/radiowebufpa/","https://www.youtube.com/user/RadioWebUFP4"]}]}</script>
<!-- / Yoast SEO plugin. -->

Rádio Web UFPA

O projeto Rádio Web UFPA visa proporcionar um novo canal de divulgação das atividades científicas e acadêmicas desenvolvidas pela UFPA

UNIVERSIDADE FEDERAL DO PARÁ-RÁDIO WEB UFPA
